 (-526)/18). Let v = 1721 + -50. Suppose x - v = -9*a. What is the units digit of a?
2
Suppose 86*i - 2347937 = -72*i - 71*i. What is the thousands digit of i?
0
Suppose -35 = 78*w - 158 - 111. Let c(y) = -y. Let b be c(0). What is the units digit of 1 + w + -4 + b + 239?
9
Let v(d) = -d**2 + 11*d - 4. Suppose 2*j + 56 = 4*a + a, 5*j = -a - 5. Let x be v(a). What is the units digit of x/(-8)*-74 - (-15)/10?
7
Let l(b) = -770*b**3 - b**2 + 1. What is the thousands digit of l(-3)?
0
Let a(x) = -x**3 - 9*x**2 - 2*x - 1. Let f be a(-8). Let c = 129 + f. Let k = 136 - c. What is the units digit of k?
6
Suppose -5*y - w + 309054 = 0, -3*w = -y + 63097 - 1283. What is the tens digit of y?
1
Let q be -10*(-2)/(-4) + 5. Suppose q = 7*x + x - 4216. What is the tens digit of x?
2
Suppose n - 2*b = 35503, -4*n + 2*b + 75228 = -66754. What is the thousands digit of n?
5
Let k(j) = -j**3 - 17*j**2 + 13*j - 23. Let q be k(-18). Suppose -q*a = -61*a - 5388. What is the hundreds digit of a?
8
Let z = -250 - -374. Let f = 317 - z. What is the hundreds digit of f?
1
Let w = 14515 - -27825. What is the thousands digit of w?
2
Suppose 0 = -3*u - 12, 3*f + 16*u - 13*u - 414 = 0. Let w(t) = -3*t**2 - t + 3. Let q be w(3). Let m = f + q. What is the hundreds digit of m?
1
Let x(j) = j**3 + 4*j**2 - 12*j. Let u be x(-6). Suppose -5*q + 4*q + 487 = u. What is the units digit of q?
7
Let l be 0*((-6)/(-4) - 1). Suppose 3 = -3*x + 3*i, 2*x - 5*i + 7 + 4 = l. Suppose -79 = -x*b - 3*u + 268, 2*u + 170 = b. What is the hundreds digit of b?
1
Let z be 10/(-45) + 3*(-87)/(-81). Suppose -796 = -5*k - f + 111, -z*f = -4*k + 737. Let g = k + 53. What is the tens digit of g?
3
Let f = 26019 + -16914. What is the units digit of f?
5
Let c(s) = 9*s**3 - 7*s**2 - 41. What is the thousands digit of c(12)?
4
What is the thousands digit of ((-1044)/20)/((-78)/16640)?
1
Let b = 24100 + -9732. What is the hundreds digit of b?
3
Let y = 69 - 75. What is the hundreds digit of (-8)/(16/y) - -110?
1
Let n(r) = -19*r - 24. Let m be n(-2). Suppose -m*t + 916 = -10*t. What is the units digit of t?
9
What is the thousands digit of 9974 - ((-11)/(-33))/(3/(-27))?
9
What is the tens digit of ((-31212)/20 - (2 + -3))*(102 + -137)?
8
Suppose 5*x - w = 439, x - 95 = 3*w - w. Let v = x + -54. What is the units digit of v?
3
Let l(i) = 11*i**2 + 6*i + 24. What is the thousands digit of l(-21)?
4
Let y be (-285159)/(-74) - 5/(-2). Suppose 0 = 23*m + 452 - y. What is the units digit of m?
8
Let p be (-1 - 12)/(-8 + 7). Let w be 9/(-15) - p/((-65)/18). Suppose -w*u = -0*u - 195. What is the tens digit of u?
6
Suppose -4*w - 14*q + 556 = -11*q, 4*w = q + 556. Let z be ((-34)/(-3))/(4/(-30)). Let k = z + w. What is the tens digit of k?
5
Let h = -8445 - -15460. Suppose -3*k - 612 = 5*l - h, -2*k = 8. What is the tens digit of l?
8
Suppose -4*o = 5*f - 133, 5*o + 4*f + 32 = 187. Let l = o - 27. Suppose d = -l*d + 43. What is the tens digit of d?
4
Let d = 110855 - 39448. What is the ten thousands digit of d?
7
Let h(k) be the first derivative of 2*k**3/3 + 35*k**2/2 - 44*k - 70. What is the tens digit of h(10)?
0
Let c(p) = p**2 - 10*p + 26. Let j be c(7). Suppose -4*g - 19 = -j*m, -4*m + 1 = -5*m - 4*g. What is the units digit of 8/m*2556/48?
2
Suppose 16*n + 11448 = 3064. Let g = n + 527. What is the units digit of g?
3
Let s = 39 - 34. Suppose -s*k + 344 = 3*o, 79 = k - 0*k + 4*o. Let q = 94 - k. What is the units digit of q?
7
Let f(p) = -461*p**3 - 8*p**2 + 19*p + 26. What is the hundreds digit of f(-3)?
3
Let s(u) = 10*u - 253. Let t be s(31). Let m(d) = -31*d + 6. Let x be m(-5). Suppose c - t = 4*o, -3*c + x = -0*c - 2*o. What is the units digit of c?
3
What is the hundreds digit of 8/(-24) + (-11066)/(-6)?
8
Suppose 4*g = -p - 16, -4*p = -6*p + 4*g + 16. Suppose 2*a + i - 102 - 86 = p, i = 4*a - 376. Suppose a*k - 93*k = 50. What is the tens digit of k?
5
Suppose -5*n = 4*s - 7043, 2*s = -63*n + 60*n + 3521. What is the tens digit of s?
6
Suppose 18*a - 456 = 22*a. Let t be 0 - 170 - 0*6/30. Let w = a - t. What is the units digit of w?
6
What is the units digit of 2*1*((-268022)/(-102) + (-15)/(-18))?
7
Let z be 28/10*(8 + -13). Let i(h) = -63*h + 17*h - 20 + 34*h. What is the units digit of i(z)?
8
Let j(r) = -r**2 - 11*r + 633. Let z be j(-31). Let u = -15 - -26. Suppose -u = z*o - 791. What is the tens digit of o?
6
Suppose -51*p = -45*p - 6726. Suppose -4*r = 3*o - 4266, 0 = -3*r - 2*o + p + 2079. What is the tens digit of r?
6
Let k(w) = -3*w + 0 - 40 - 29 + 5. Let f be k(-24). Suppose 10*q - f*q = 476. What is the tens digit of q?
3
Let a(p) = p**3 - 17*p**2 + 15*p + 16. Let b be a(16). Suppose -3*c - 5*d + 1746 = 0, 4*d + 2328 = 4*c - b*d. What is the hundreds digit of c?
5
Suppose 0 = 2*m + 2*j - 14, -4*m + 11*j - 10*j + 23 = 0. Suppose 0 = -m*h - 6*h + 11556. What is the units digit of h?
3
Let v(h) = -9*h - 47. Let y = 176 - 190. What is the tens digit of v(y)?
7
Let y(i) = 196*i**3 - 10*i**2 + 72*i + 5. What is the thousands digit of y(4)?
2
Let o(l) = 2*l**3 + 13*l**2 - 8*l + 13. Suppose 0 = -35*w + 38*w - 15. Suppose 0 = 4*g + 2*v + 22, 4*g + 50 = -g + w*v. What is the tens digit of o(g)?
2
Suppose -29622 = -12*u + 9*u - 2*c, 0 = -3*u + 2*c + 29646. What is the thousands digit of u?
9
Let v(z) = -z**3 - 5*z**2 + 3*z - 14. Let h be v(-6). Suppose 5*w - h*n = 997, -399 = -4*w + 3*n + 398. What is the tens digit of w?
9
Let d = 155 - 152. Let l(b) = 3 - 3*b**2 - 4*b + b**3 + b**3 - 4. What is the units digit of l(d)?
4
Suppose 2*s = 2 + 8, 0 = -4*g + s + 3. What is the units digit of 885/g*(7 - 203/35)?
1
Let r = 23808 + -6933. What is the tens digit of r?
7
Suppose 13544 = -7*a + 33417. Suppose -j + 4*k = -951, -2*k + a = 3*j - 0*k. What is the units digit of j?
7
Let t(v) = -4*v**2 + 38*v - 82. Let l be t(14). Let u = l + 792. What is the tens digit of u?
5
Let p(d) = -d**2 + 15*d + 5. Let s(r) = -4*r + 10. Let y be s(2). Suppose -y*a - 4*a = -54. What is the tens digit of p(a)?
5
Let a = -38 + 37. Let k be 58*(-1 - a/(-2)). What is the units digit of 16/(-12)*k/2?
8
Suppose -4*c = -4*h + 40, 4*c = -32*h + 28*h + 16. Let g be (-4)/8*-11*2. What is the tens digit of (-2)/g - (534/(-33) - h)?
2
Suppose 2137 = 25*u + 462. Suppose -63*j - 4456 = -u*j. What is the units digit of j?
4
Let k = -23630 + 59732. What is the hundreds digit of k?
1
Let x be (-6 - 4)*4/10. Let g be x/(-24) + 142/12. Suppose -a - 14 - g = -3*v, -2*v + 19 = a. What is the units digit of v?
9
Let u be -18*-3*(-2)/12. Let r = 1 - u. What is the units digit of (-15)/r - (-1 + (-26)/4)?
6
Let x(o) = 69*o**3 + 0*o**2 + o**2 + 145*o**3 - 3 + 0*o**2 + 323*o**3 + o. What is the units digit of x(1)?
6
Suppose 0 = 2*l - 4*g - 22, 3*l - l - 2*g - 16 = 0. Let k(n) be the first derivative of n**4/4 + n**3/3 - n**2 - 9*n - 852. What is the hundreds digit of k(l)?
1
Suppose g = 3*k - g - 15, 0 = 5*k - g - 25. Suppose -3*r = a + 28, 3*r + 14 = -k*a - 150. Let x = 257 + a. What is the units digit of x?
3
Let m be 8 - (-1 + -3 - -7). Suppose 6*z + 2*z - 7*z = 0. Suppose -m*s + 101 + 134 = z. What is the units digit of s?
7
Suppose -10*c = -5*c + 1780. Let z = -29 - c. What is the hundreds digit of z?
3
Suppose -52848 + 32932 = -12*u + 145396. What is the ten thousands digit of u?
1
Let v = -2876 + 6559. Suppose 4*w - s = v, -4*w + 6*s + 3685 = 7*s. What is the hundreds digit of w?
9
Let x(y) = 6*y**3 - y**2 - 2*y + 3. Let p(z) = 88*z - 29. Let b be p(2). Let u = b + -145. What is the tens digit of x(u)?
4
Suppose 3*l = -h + 9026, 0 = -l + 2*h - 4*h + 3002. What is the hundreds digit of l?
0
Let s = -54361 - -83534. What is the tens digit of s?
7
Let o(n) = 47*n**2 - 6*n + 63. Let z be o(5). Let x = -768 + z. What is the hundreds digit of x?
4
Let g = 29643 + -20069. What is the hundreds digit of g?
5
Let u(o) = -o**3 + 87*o**2 - 218*o + 321. What is the thousands digit of u(84)?
3
Let y(w) = 493*w**2 - 317*w + 22. What is the thousands digit of y(-7)?
6
Suppose -7*h + 56 = -4*h - 4*k, 0 = k + 5. Let u = h - 17. What is the tens digit of u/(15/(-111)) - 2?
3
Let r = 11703 + -2828. What is the hundreds digit of r?
8
Let m be (-6 + 7)*9*33/1. Suppose 7*l + 2*l = m. What is the units digit of l?
3
Suppose 0 = -16*u - 65066 + 333690. Wh